{"id":14,"date":"2015-11-15T03:27:25","date_gmt":"2015-11-15T03:27:25","guid":{"rendered":"http:\/\/conectifyilimitado.com.mx\/?page_id=14"},"modified":"2015-11-15T08:07:25","modified_gmt":"2015-11-15T08:07:25","slug":"cctv","status":"publish","type":"page","link":"https:\/\/conectifyilimitado.com.mx\/?page_id=14","title":{"rendered":"CCTV"},"content":{"rendered":"<p><strong>Sistema de monitoreo para casa, negocio o rancho, con grabaci\u00f3n y acceso desde internet y tambi\u00e9n desde su Android, Blackberry o IPhone (requiere plan de datos).<\/strong><\/p>\n<p><a href=\"http:\/\/conectifyilimitado.com.mx\/wp-content\/uploads\/2015\/11\/samsung.jpg\" data-rel=\"lightbox-image-0\" data-rl_title=\"\" data-rl_caption=\"\" title=\"\"><img loading=\"lazy\" decoding=\"async\" class=\"alignnone size-medium wp-image-47\" src=\"http:\/\/conectifyilimitado.com.mx\/wp-content\/uploads\/2015\/11\/samsung-300x208.jpg\" alt=\"samsung\" width=\"300\" height=\"208\" srcset=\"https:\/\/conectifyilimitado.com.mx\/wp-content\/uploads\/2015\/11\/samsung-300x208.jpg 300w, https:\/\/conectifyilimitado.com.mx\/wp-content\/uploads\/2015\/11\/samsung.jpg 539w\" sizes=\"auto, (max-width: 300px) 100vw, 300px\" \/><\/a> <a href=\"http:\/\/conectifyilimitado.com.mx\/wp-content\/uploads\/2015\/11\/turbohd.jpg\" data-rel=\"lightbox-image-1\" data-rl_title=\"\" data-rl_caption=\"\" title=\"\"><img loading=\"lazy\" decoding=\"async\" class=\"alignnone size-medium wp-image-55\" src=\"http:\/\/conectifyilimitado.com.mx\/wp-content\/uploads\/2015\/11\/turbohd-300x208.jpg\" alt=\"turbohd\" width=\"300\" height=\"208\" srcset=\"https:\/\/conectifyilimitado.com.mx\/wp-content\/uploads\/2015\/11\/turbohd-300x208.jpg 300w, https:\/\/conectifyilimitado.com.mx\/wp-content\/uploads\/2015\/11\/turbohd.jpg 539w\" sizes=\"auto, (max-width: 300px) 100vw, 300px\" \/><\/a><\/p>\n<p>Sepa quien toca a su puerta o que sucede en su casa o negocio, observando desde el televisor cualquier punto v\u00eda INTERNET o de donde usted este a trav\u00e9s de su Blackberry o IPhone. \u2022 Vea que hacen sus empleados y tenga el control de su negocio aunque usted no este y de donde este. \u2022 Revise alg\u00fan suceso pasado y tenga la evidencia. \u2022 Mantenga seguro su patrimonio.<\/p>\n<p><a href=\"http:\/\/conectifyilimitado.com.mx\/wp-content\/uploads\/2015\/11\/1922359_646745318764163_4010753505034994653_n.jpg\" data-rel=\"lightbox-image-2\" data-rl_title=\"\" data-rl_caption=\"\" title=\"\"><img loading=\"lazy\" decoding=\"async\" class=\"alignnone size-medium wp-image-56\" src=\"http:\/\/conectifyilimitado.com.mx\/wp-content\/uploads\/2015\/11\/1922359_646745318764163_4010753505034994653_n-300x224.jpg\" alt=\"1922359_646745318764163_4010753505034994653_n\" width=\"300\" height=\"224\" srcset=\"https:\/\/conectifyilimitado.com.mx\/wp-content\/uploads\/2015\/11\/1922359_646745318764163_4010753505034994653_n-300x224.jpg 300w, https:\/\/conectifyilimitado.com.mx\/wp-content\/uploads\/2015\/11\/1922359_646745318764163_4010753505034994653_n.jpg 480w\" sizes=\"auto, (max-width: 300px) 100vw, 300px\" \/><\/a> <a href=\"http:\/\/conectifyilimitado.com.mx\/wp-content\/uploads\/2015\/11\/camaras-de-seguridad-uruguay-instalacion-19.jpg\" data-rel=\"lightbox-image-3\" data-rl_title=\"\" data-rl_caption=\"\" title=\"\"><img loading=\"lazy\" decoding=\"async\" class=\"alignnone  wp-image-57\" src=\"http:\/\/conectifyilimitado.com.mx\/wp-content\/uploads\/2015\/11\/camaras-de-seguridad-uruguay-instalacion-19-300x276.jpg\" alt=\"camaras-de-seguridad-uruguay-instalacion-19\" width=\"243\" height=\"224\" srcset=\"https:\/\/conectifyilimitado.com.mx\/wp-content\/uploads\/2015\/11\/camaras-de-seguridad-uruguay-instalacion-19-300x276.jpg 300w, https:\/\/conectifyilimitado.com.mx\/wp-content\/uploads\/2015\/11\/camaras-de-seguridad-uruguay-instalacion-19.jpg 899w\" sizes=\"auto, (max-width: 243px) 100vw, 243px\" \/><\/a><\/p>\n<p>\u00danico pago, incluye equipo, instalaci\u00f3n, puesta en Operaci\u00f3n y Capacitaci\u00f3n, no plazos forzosos\u00a0mensuales, aceptamos Tarjeta de Cr\u00e9dito y d\u00e9bito.<\/p>\n<p>&nbsp;<\/p>\n<p>La inversi\u00f3n en un CCTV en la mayor\u00eda de los casos es menor que el imaginado. El retorno de la inversi\u00f3n es muy r\u00e1pido y como si esto fuese poco, se puede implementar un proyecto de CCTV por partes, de esta forma se maximiza el presupuesto.<\/p>\n<ul>\n<li>Aumento de la seguridad f\u00edsica.<\/li>\n<li>Mayor productividad y eficiencia.<\/li>\n<li>Control m\u00e1s eficaz y mejoramiento continuo de su personal.<\/li>\n<li>Control de acceso al personal interno y externo a la organizaci\u00f3n.<\/li>\n<li>Control de acceso de veh\u00edculos propios o ajenos a la organizaci\u00f3n.<\/li>\n<li>Control de entrada y salida de inventario, maquinarias y equipos.<\/li>\n<li>Disminuci\u00f3n de da\u00f1os a maquinaria y equipos, por sabotaje o mal uso.<\/li>\n<li>Supervisi\u00f3n de puntos de venta y atenci\u00f3n al cliente.<\/li>\n<li>Registro continuo de los eventos sucedidos en la organizaci\u00f3n.<\/li>\n<li>Control eficaz en procesos productivos y comprobaci\u00f3n de se\u00f1ales de instrumentos de control.<\/li>\n<li>Acceso remoto v\u00eda Internet desde cualquier lugar del mundo en tiempo real.<\/li>\n<li>Herramienta importante al presentar su empresa ante clientes potenciales que no pueden desplazarse hasta otra ciudad o a sus almacenes o plantas de producci\u00f3n.<\/li>\n<li>Escalabilidad, que permite empezar desde peque\u00f1as aplicaciones e ir creciendo a la medida de las necesidades o el presupuesto<\/li>\n<li>de la organizaci\u00f3n.<\/li>\n<li>Flexibilidad en el dise\u00f1o de la soluci\u00f3n.<\/li>\n<\/ul>\n<p><a href=\"http:\/\/conectifyilimitado.com.mx\/wp-content\/uploads\/2015\/11\/TURBOD88.jpg\" data-rel=\"lightbox-image-4\" data-rl_title=\"\" data-rl_caption=\"\" title=\"\"><img loading=\"lazy\" decoding=\"async\" class=\"alignnone wp-image-58 \" src=\"http:\/\/conectifyilimitado.com.mx\/wp-content\/uploads\/2015\/11\/TURBOD88-e1447573137522-300x182.jpg\" alt=\"TURBOD88\" width=\"320\" height=\"194\" srcset=\"https:\/\/conectifyilimitado.com.mx\/wp-content\/uploads\/2015\/11\/TURBOD88-e1447573137522-300x182.jpg 300w, https:\/\/conectifyilimitado.com.mx\/wp-content\/uploads\/2015\/11\/TURBOD88-e1447573137522.jpg 385w\" sizes=\"auto, (max-width: 320px) 100vw, 320px\" \/><\/a><a href=\"http:\/\/conectifyilimitado.com.mx\/wp-content\/uploads\/2015\/11\/TURBOBXW8.jpg\" data-rel=\"lightbox-image-5\" data-rl_title=\"\" data-rl_caption=\"\" title=\"\"><img loading=\"lazy\" decoding=\"async\" class=\"alignnone wp-image-59 size-medium\" src=\"http:\/\/conectifyilimitado.com.mx\/wp-content\/uploads\/2015\/11\/TURBOBXW8-e1447573242597-300x170.jpg\" alt=\"TURBOBXW8\" width=\"300\" height=\"170\" srcset=\"https:\/\/conectifyilimitado.com.mx\/wp-content\/uploads\/2015\/11\/TURBOBXW8-e1447573242597-300x170.jpg 300w, https:\/\/conectifyilimitado.com.mx\/wp-content\/uploads\/2015\/11\/TURBOBXW8-e1447573242597.jpg 386w\" sizes=\"auto, (max-width: 300px) 100vw, 300px\" \/><\/a><\/p>\n","protected":false},"excerpt":{"rendered":"<p>Sistema de monitoreo para casa, negocio o rancho, con grabaci\u00f3n y acceso desde internet y tambi\u00e9n desde su Android, Blackberry o IPhone (requiere plan de datos). Sepa quien toca a su puerta o que sucede en su casa o negocio, observando desde el televisor cualquier punto v\u00eda INTERNET o de donde usted este a trav\u00e9s [&hellip;]<\/p>\n","protected":false},"author":1,"featured_media":0,"parent":0,"menu_order":0,"comment_status":"closed","ping_status":"closed","template":"page-full-width.php","meta":{"footnotes":""},"class_list":["post-14","page","type-page","status-publish","hentry"],"_links":{"self":[{"href":"https:\/\/conectifyilimitado.com.mx\/index.php?rest_route=\/wp\/v2\/pages\/14","targetHints":{"allow":["GET"]}}],"collection":[{"href":"https:\/\/conectifyilimitado.com.mx\/index.php?rest_route=\/wp\/v2\/pages"}],"about":[{"href":"https:\/\/conectifyilimitado.com.mx\/index.php?rest_route=\/wp\/v2\/types\/page"}],"author":[{"embeddable":true,"href":"https:\/\/conectifyilimitado.com.mx\/index.php?rest_route=\/wp\/v2\/users\/1"}],"replies":[{"embeddable":true,"href":"https:\/\/conectifyilimitado.com.mx\/index.php?rest_route=%2Fwp%2Fv2%2Fcomments&post=14"}],"version-history":[{"count":3,"href":"https:\/\/conectifyilimitado.com.mx\/index.php?rest_route=\/wp\/v2\/pages\/14\/revisions"}],"predecessor-version":[{"id":60,"href":"https:\/\/conectifyilimitado.com.mx\/index.php?rest_route=\/wp\/v2\/pages\/14\/revisions\/60"}],"wp:attachment":[{"href":"https:\/\/conectifyilimitado.com.mx\/index.php?rest_route=%2Fwp%2Fv2%2Fmedia&parent=14"}],"curies":[{"name":"wp","href":"https:\/\/api.w.org\/{rel}","templated":true}]}}